{"id":1877,"date":"2026-03-30T15:06:33","date_gmt":"2026-03-30T13:06:33","guid":{"rendered":"https:\/\/www.lcatraining.nl\/?page_id=1877"},"modified":"2026-03-30T15:08:37","modified_gmt":"2026-03-30T13:08:37","slug":"phd-thesis","status":"publish","type":"page","link":"https:\/\/www.lcatraining.nl\/index.php\/phd-thesis\/","title":{"rendered":"PhD thesis"},"content":{"rendered":"\n<p>Within the SusChem group, several PhD candidates have successfully defended their theses. Their research spans a range of topics in sustainable chemistry and materials and is available here:<\/p>\n\n\n\n<ul class=\"wp-block-list\">\n<li><a href=\"https:\/\/cris.maastrichtuniversity.nl\/en\/publications\/accounting-for-environmental-externalities-in-the-design-of-bioba\/\" data-type=\"link\" data-id=\"https:\/\/cris.maastrichtuniversity.nl\/en\/publications\/accounting-for-environmental-externalities-in-the-design-of-bioba\/\">Accounting for environmental externalities in the design of biobased supply chains: value of life cycle assessment for decision-making<\/a> <em>by Carlos Andr\u00e9s Garc\u00eda Vel\u00e1squez<\/em><\/li>\n\n\n\n<li><a href=\"https:\/\/research.tue.nl\/en\/publications\/sustainability-assessment-of-emerging-multi-product-lignocellulos\/\" data-type=\"link\" data-id=\"https:\/\/research.tue.nl\/en\/publications\/sustainability-assessment-of-emerging-multi-product-lignocellulos\/\">Sustainability assessment of emerging multi-product lignocellulosic value chains using residual biomass: lessons learned and perspectives of development<\/a> <em>by Svetlana V. Obydenkova<\/em><\/li>\n\n\n\n<li><a href=\"https:\/\/cris.maastrichtuniversity.nl\/en\/activities\/with-the-end-in-mind-advancing-comprehensive-environmental-life-c\/\" data-type=\"link\" data-id=\"https:\/\/cris.maastrichtuniversity.nl\/ws\/portalfiles\/portal\/289553038\/c8979embargo.pdf\">With the end in mind: Advancing comprehensive environmental life cycle assessments of plastics<\/a><a href=\"https:\/\/cris.maastrichtuniversity.nl\/ws\/portalfiles\/portal\/289553038\/c8979embargo.pdf\" data-type=\"link\" data-id=\"https:\/\/cris.maastrichtuniversity.nl\/ws\/portalfiles\/portal\/289553038\/c8979embargo.pdf\"> <\/a> <em>by Felicitas Pellengahr<\/em><\/li>\n\n\n\n<li><a href=\"https:\/\/cris.maastrichtuniversity.nl\/en\/publications\/sailing-against-the-wind-a-critical-exploration-of-the-role-of-ci\/\" data-type=\"link\" data-id=\"https:\/\/cris.maastrichtuniversity.nl\/en\/publications\/sailing-against-the-wind-a-critical-exploration-of-the-role-of-ci\/\">Sailing against the wind: a critical exploration of the role of Circular Economy strategies and their assessment in enabling sustainability transitions<\/a> <em>by Cris Garc\u00eda Saravia Ortiz de Montellano<\/em><\/li>\n<\/ul>\n\n\n\n<p><\/p>\n","protected":false},"excerpt":{"rendered":"<p>Within the SusChem group, several PhD candidates have successfully defended their theses. Their research spans a range of topics in sustainable chemistry and materials and is available here:<\/p>\n","protected":false},"author":39,"featured_media":0,"parent":0,"menu_order":0,"comment_status":"closed","ping_status":"closed","template":"","meta":{"_bbp_topic_count":0,"_bbp_reply_count":0,"_bbp_total_topic_count":0,"_bbp_total_reply_count":0,"_bbp_voice_count":0,"_bbp_anonymous_reply_count":0,"_bbp_topic_count_hidden":0,"_bbp_reply_count_hidden":0,"_bbp_forum_subforum_count":0,"footnotes":""},"class_list":["post-1877","page","type-page","status-publish","hentry"],"_links":{"self":[{"href":"https:\/\/www.lcatraining.nl\/index.php\/wp-json\/wp\/v2\/pages\/1877","targetHints":{"allow":["GET"]}}],"collection":[{"href":"https:\/\/www.lcatraining.nl\/index.php\/wp-json\/wp\/v2\/pages"}],"about":[{"href":"https:\/\/www.lcatraining.nl\/index.php\/wp-json\/wp\/v2\/types\/page"}],"author":[{"embeddable":true,"href":"https:\/\/www.lcatraining.nl\/index.php\/wp-json\/wp\/v2\/users\/39"}],"replies":[{"embeddable":true,"href":"https:\/\/www.lcatraining.nl\/index.php\/wp-json\/wp\/v2\/comments?post=1877"}],"version-history":[{"count":3,"href":"https:\/\/www.lcatraining.nl\/index.php\/wp-json\/wp\/v2\/pages\/1877\/revisions"}],"predecessor-version":[{"id":1880,"href":"https:\/\/www.lcatraining.nl\/index.php\/wp-json\/wp\/v2\/pages\/1877\/revisions\/1880"}],"wp:attachment":[{"href":"https:\/\/www.lcatraining.nl\/index.php\/wp-json\/wp\/v2\/media?parent=1877"}],"curies":[{"name":"wp","href":"https:\/\/api.w.org\/{rel}","templated":true}]}}